ue
Is 17080 a multiple of 14?
True
Is 26 a factor of 1465?
False
Is 8621 a multiple of 59?
False
Is 46 a factor of 1170?
False
Does 3 divide 276?
True
Is 25 a factor of 4975?
True
Is 3990 a multiple of 35?
True
Is 12 a factor of 27533?
False
Is 13 a factor of 189839?
True
Is 2520 a multiple of 28?
True
Does 19 divide 62027?
False
Is 160 a factor of 3680?
True
Is 35968 a multiple of 16?
True
Does 14 divide 1596?
True
Is 13 a factor of 1339?
True
Does 15 divide 1980?
True
Does 8 divide 244?
False
Is 315 a multiple of 21?
True
Is 7 a factor of 5203?
False
Does 27 divide 2754?
True
Is 127 a factor of 7239?
True
Is 16 a factor of 1755?
False
Is 24 a factor of 600?
True
Is 82080 a multiple of 160?
True
Is 1292 a multiple of 19?
True
Does 70 divide 10360?
True
Is 12078 a multiple of 9?
True
Is 2250 a multiple of 150?
True
Is 20174 a multiple of 73?
False
Is 216 a multiple of 18?
True
Is 521 a multiple of 5?
False
Does 113 divide 36386?
True
Does 206 divide 136372?
True
Is 3 a factor of 353?
False
Is 2 a factor of 220?
True
Does 2 divide 2021?
False
Is 18 a factor of 288?
True
Is 20 a factor of 2760?
True
Does 97 divide 485?
True
Is 4 a factor of 7320?
True
Is 5362 a multiple of 41?
False
Is 22 a factor of 6138?
True
Is 18 a factor of 96445?
False
Is 30 a factor of 341?
False
Is 112 a factor of 5040?
True
Is 42 a factor of 6655?
False
Does 86 divide 91933?
False
Does 175 divide 13512?
False
Is 8 a factor of 1696?
True
Is 58 a factor of 1276?
True
Does 55 divide 4795?
False
Is 15130 a multiple of 247?
False
Is 20856 a multiple of 66?
True
Is 20 a factor of 25816?
False
Does 2 divide 69?
False
Is 1430 a multiple of 10?
True
Is 825 a multiple of 27?
False
Does 76 divide 1712?
False
Is 861 a multiple of 7?
True
Is 29480 a multiple of 67?
True
Is 41472 a multiple of 12?
True
Is 4590 a multiple of 15?
True
Is 6 a factor of 6594?
True
Is 3 a factor of 11?
False
Is 3 a factor of 935?
False
Is 81 a factor of 51192?
True
Is 8 a factor of 1040?
True
Does 63 divide 3213?
True
Is 5661 a multiple of 52?
False
Does 15 divide 191?
False
Is 1444 a multiple of 8?
False
Does 92 divide 736?
True
Does 25 divide 175?
True
Is 13 a factor of 2340?
True
Is 251 a multiple of 10?
False
Is 615 a multiple of 34?
False
Does 132 divide 5412?
True
Does 55 divide 770?
True
Is 23 a factor of 661?
False
Does 40 divide 1941?
False
Is 4 a factor of 4947?
False
Does 169 divide 14027?
True
Does 11 divide 4763?
True
Is 86 a factor of 344?
True
Does 207 divide 23657?
False
Is 49 a factor of 3649?
False
Is 12966 a multiple of 35?
False
Is 13858 a multiple of 39?
False
Is 4 a factor of 673?
False
Does 46 divide 335?
False
Is 279 a multiple of 59?
False
Does 2 divide 23?
False
Is 110517 a multiple of 12?
False
Is 4 a factor of 34?
False
Is 12439 a multiple of 39?
False
Is 18 a factor of 40?
False
Is 21 a factor of 21734?
False
Does 20 divide 3255?
False
Does 176 divide 16192?
True
Is 2 a factor of 1400?
True
Does 11 divide 4466?
True
Does 53 divide 4081?
True
Does 83 divide 83?
True
Does 170 divide 6392?
False
Is 165 a multiple of 15?
True
Is 28 a factor of 36204?
True
Is 29 a factor of 17052?
True
Does 64 divide 320?
True
Is 1071 a multiple of 15?
False
Is 34762 a multiple of 26?
True
Is 296 a multiple of 37?
True
Is 34 a factor of 5374?
False
Is 5074 a multiple of 118?
True
Is 382 a multiple of 135?
False
Does 3 divide 514?
False
Is 19 a factor of 12072?
False
Is 5 a factor of 2464?
False
Is 4 a factor of 14654?
False
Is 336 a multiple of 14?
True
Does 34 divide 9282?
True
Is 2534 a multiple of 12?
False
Does 30 divide 3560?
False
Is 487 even?
False
Is 279 a multiple of 11?
False
Does 39 divide 40131?
True
Is 41801 a multiple of 117?
False
Is 27 a factor of 985?
False
Is 1910 a multiple of 5?
True
Does 8 divide 4587?
False
Does 6 divide 1736?
False
Is 2501 a multiple of 79?
False
Does 51 divide 16116?
True
Is 186 a factor of 26609?
False
Does 21 divide 714?
True
Is 44 a factor of 15620?
True
Is 2630 a multiple of 58?
False
Is 19 a factor of 2299?
True
Is 34 a factor of 1399?
False
Is 55 a multiple of 11?
True
Does 22 divide 7279?
False
Does 117 divide 12098?
False
Is 62 a factor of 32860?
True
Is 1254 a multiple of 5?
False
Is 59 a factor of 1880?
False
Does 20 divide 6578?
False
Is 27 a factor of 23814?
True
Does 45 divide 178?
False
Is 10 a factor of 916?
False
Is 60 a factor of 1518?
False
Is 210 a factor of 2730?
True
Is 36 a factor of 256?
False
Is 27881 a multiple of 7?
True
Is 2720 a multiple of 20?
True
Is 5 a factor of 655?
True
Does 288 divide 15417?
False
Does 16 divide 1114?
False
Does 11 divide 3433?
False
Is 2604 a multiple of 24?
False
Is 13640 a multiple of 193?
False
Is 68 a factor of 2448?
True
Is 8 a factor of 48?
True
Does 72 divide 16632?
True
Is 406 a multiple of 36?
False
Is 22 a factor of 4884?
True
Is 18 a factor of 15714?
True
Is 10 a factor of 50?
True
Does 61 divide 56669?
True
Is 1877 even?
False
Does 28 divide 34692?
True
Is 364 a multiple of 13?
True
Is 808 a multiple of 26?
False
Is 1058 a multiple of 31?
False
Is 5130 a multiple of 30?
True
Is 26 a factor of 9823?
False
Does 2 divide 15?
False
Is 682 a multiple of 31?
True
Does 65 divide 7440?
False
Does 5 divide 3050?
True
Is 1311 a multiple of 17?
False
Is 1170 a multiple of 13?
True
Does 31 divide 10527?
False
Does 17 divide 3655?
True
Is 345 a multiple of 12?
False
Is 25 a factor of 74825?
True
Is 89 a factor of 9523?
True
Is 144 a factor of 3484?
False
Is 3929 a multiple of 37?
False
Is 44 a factor of 308?
True
Is 32256 a multiple of 113?
False
Is 4172 a multiple of 7?
True
Does 46 divide 9290?
False
Is 6864 a multiple of 52?
True
Does 8 divide 7517?
False
Is 2096 a multiple of 48?
False
Does 25 divide 130?
False
Is 4 a factor of 710?
False
Does 11 divide 1148?
False
Is 21 a factor of 2756?
False
Is 34 a factor of 149?
False
Does 4 divide 288?
True
Is 195 a multiple of 5?
True
Is 52 a factor of 24628?
False
Does 55 divide 5390?
True
Is 18654 a multiple of 257?
False
Is 69 even?
False
Is 108 a factor of 1836?
True
Is 4 a factor of 7954?
False
Is 1122 a multiple of 34?
True
Is 3245 a multiple of 12?
False
Does 60 divide 30404?
False
Does 10 divide 120?
True
Is 22 a factor of 1760?
True
Is 4 a factor of 90?
False
Does 34 divide 15198?
True
Does 35 divide 12712?
False
Does 7 divide 11338?
False
Is 47 a factor of 593?
False
Does 11 divide 6292?
True
Does 3 divide 87?
True
Does 3 divide 657?
True
Is 66082 a multiple of 51?
False
Is 28 a factor of 2100?
True
Does 81 divide 648?
True
Does 59 divide 649?
True
Is 15 a factor of 870?
True
Is 20 a factor of 14459?
False
Is 42 a factor of 4271?
False
Does 43 divide 3453?
False
Is 12837 a multiple of 162?
False
Is 25 a factor of 91756?
False
Is 4 a factor of 2866?
False
Is 11 a factor of 7584?
False
Does 51 divide 816?
True
Is 153 a multiple of 51?
True
Is 8 a factor of 885?
False
Is 12 a factor of 2832?
True
Does 147 divide 10537?
False
Is 2415 a multiple of 23?
True
Is 17087 a multiple of 114?
False
Is 1716 a multiple of 44?
True
Is 17 a factor of 30?
False
Is 10 a factor of 15290?
True
Is 1890 a multiple of 54?
True
Does 5 divide 298?
False
Is 4842 a multiple of 34?
False
Is 2676 a multiple of 6?
True
Is 11 a factor of 1606?
True
Is 10 a factor of 3240?
True
Is 50 a factor of 450?
True
Is 2378 a multiple of 29?
True
Is 257 a multiple of 18?
False
Does 95 divide 760?
True
Is 110 a multiple of 5?
True
Is 19 a factor of 181628?
False
Is 54 a factor of 93?
False
Does 180 divide 7114?
False
Is 37 a factor of 236?
False
Does 63 divide 17766?
True
Is 66 a factor of 29832?
True
Is 882 a multiple of 21?
True
Is 11249 a multiple of 37?
False
Is 5 a factor of 808?
False
Is 1761 a multiple of 20?
False
Does 2 divide 6335?
False
Does 75 divide 9600?
True
Does 7 divide 661?
False
Does 21 divide 6273?
False
Is 2845 a multiple of 3?
False
Does 45 divide 10215?
True
Is 6804 a multiple of 84?
True
Is 651 a multiple of 31?
True
Is 242 a factor of 15269?
False
Is 21 a factor of 21?
True
Does 50 divide 9370?
False
Does 20 divide 3460?
True
Is 17 a factor of 1139?
True
Does 182 divide 1820?
True
Is 528 a multiple of 22?
True
Does 2 divide 10745?
False
Is 50 a factor of 5136?
False
Does 22 divide 1540?
True
Is 43055 a multiple of 109?
True
Is 55 a factor of 4950?
True
Does 83 divide 